{"id":24,"date":"2015-11-28T20:44:12","date_gmt":"2015-11-28T19:44:12","guid":{"rendered":"http:\/\/von-perbandt.de\/new\/?page_id=24"},"modified":"2015-11-28T20:44:12","modified_gmt":"2015-11-28T19:44:12","slug":"pelletkesselhersteller","status":"publish","type":"page","link":"https:\/\/von-perbandt.de\/?page_id=24","title":{"rendered":"Pelletkesselhersteller"},"content":{"rendered":"<h1>Pelletkesselhersteller<\/h1>\n<p><strong><span style=\"font-size: 16px;\">Pellets und Biomassefachbetrieb DEPI seit 2011.<\/span><\/strong><\/p>\n<p><span style=\"font-size: 16px;\">Die Firma baut erfolgreich seit 2000\u00a0 Pellets und Biomasseheizungen von KWB , Solarfocus, Viessmann und Biosol ein.<\/span><\/p>\n<p><a href=\"http:\/\/www.kwbheizung.de\">www.kwbheizung.de<\/a><\/p>\n<p><a href=\"http:\/\/www.solarfocus.at\">www.solarfocus.at<\/a><\/p>\n<p><a title=\"Viessmann - Komplettangebot f\u00fcr Ihre Heizung | \u00d6l | Gas | Solar | Holz | W\u00e4rmepumpe\" href=\"http:\/\/www.viessmann.de\" target=\"_blank\" rel=\"noopener\">Viessmann &#8211; Komplettangebot f\u00fcr Ihre Heizung<\/a><\/p>\n<p><a href=\"http:\/\/www.pel-lets.com\">www.pel-lets.com<\/a><\/p>\n","protected":false},"excerpt":{"rendered":"<p>Pelletkesselhersteller Pellets und Biomassefachbetrieb DEPI seit 2011. Die Firma baut erfolgreich seit 2000\u00a0 Pellets und Biomasseheizungen von KWB , Solarfocus, Viessmann und Biosol ein. www.kwbheizung.de www.solarfocus.at Viessmann &#8211; Komplettangebot f\u00fcr Ihre Heizung www.pel-lets.com<\/p>\n","protected":false},"author":1,"featured_media":0,"parent":0,"menu_order":0,"comment_status":"closed","ping_status":"closed","template":"","meta":{"footnotes":""},"class_list":["post-24","page","type-page","status-publish","hentry"],"_links":{"self":[{"href":"https:\/\/von-perbandt.de\/index.php?rest_route=\/wp\/v2\/pages\/24","targetHints":{"allow":["GET"]}}],"collection":[{"href":"https:\/\/von-perbandt.de\/index.php?rest_route=\/wp\/v2\/pages"}],"about":[{"href":"https:\/\/von-perbandt.de\/index.php?rest_route=\/wp\/v2\/types\/page"}],"author":[{"embeddable":true,"href":"https:\/\/von-perbandt.de\/index.php?rest_route=\/wp\/v2\/users\/1"}],"replies":[{"embeddable":true,"href":"https:\/\/von-perbandt.de\/index.php?rest_route=%2Fwp%2Fv2%2Fcomments&post=24"}],"version-history":[{"count":0,"href":"https:\/\/von-perbandt.de\/index.php?rest_route=\/wp\/v2\/pages\/24\/revisions"}],"wp:attachment":[{"href":"https:\/\/von-perbandt.de\/index.php?rest_route=%2Fwp%2Fv2%2Fmedia&parent=24"}],"curies":[{"name":"wp","href":"https:\/\/api.w.org\/{rel}","templated":true}]}}