{"id":8,"date":"2015-11-28T20:39:37","date_gmt":"2015-11-28T19:39:37","guid":{"rendered":"http:\/\/von-perbandt.de\/new\/?page_id=8"},"modified":"2015-11-28T20:39:37","modified_gmt":"2015-11-28T19:39:37","slug":"solar","status":"publish","type":"page","link":"https:\/\/von-perbandt.de\/?page_id=8","title":{"rendered":"Solar"},"content":{"rendered":"<h1>Solar<\/h1>\n<p><strong><span style=\"font-size: 16px;\">Solarfachbetrieb seit 2000<\/span><\/strong><\/p>\n<p><span style=\"font-size: 16px;\">Die Firma baut erfolgreich seit 2000\u00a0 Solaranlagen von Wagner &amp; Co, Wolf und Viessmann ein.<\/span><\/p>\n<p><a title=\"Viessmann - Komplettangebot f\u00fcr Ihre Heizung | \u00d6l | Gas | Solar | Holz | W\u00e4rmepumpe\" href=\"http:\/\/www.viessmann.de\" target=\"_blank\" rel=\"noopener\">Viessmann &#8211; Komplettangebot f\u00fcr Ihre Heizung<\/a><\/p>\n<p><a href=\"http:\/\/www.wagner-solar.com\/\">www.wagner-solar.com\/<\/a><\/p>\n<p><a href=\"http:\/\/www.wolf-heiztechnik.de\">www.wolf-heiztechnik.de<\/a><\/p>\n","protected":false},"excerpt":{"rendered":"<p>Solar Solarfachbetrieb seit 2000 Die Firma baut erfolgreich seit 2000\u00a0 Solaranlagen von Wagner &amp; Co, Wolf und Viessmann ein. Viessmann &#8211; Komplettangebot f\u00fcr Ihre Heizung www.wagner-solar.com\/ www.wolf-heiztechnik.de<\/p>\n","protected":false},"author":1,"featured_media":0,"parent":0,"menu_order":0,"comment_status":"closed","ping_status":"closed","template":"","meta":{"footnotes":""},"class_list":["post-8","page","type-page","status-publish","hentry"],"_links":{"self":[{"href":"https:\/\/von-perbandt.de\/index.php?rest_route=\/wp\/v2\/pages\/8","targetHints":{"allow":["GET"]}}],"collection":[{"href":"https:\/\/von-perbandt.de\/index.php?rest_route=\/wp\/v2\/pages"}],"about":[{"href":"https:\/\/von-perbandt.de\/index.php?rest_route=\/wp\/v2\/types\/page"}],"author":[{"embeddable":true,"href":"https:\/\/von-perbandt.de\/index.php?rest_route=\/wp\/v2\/users\/1"}],"replies":[{"embeddable":true,"href":"https:\/\/von-perbandt.de\/index.php?rest_route=%2Fwp%2Fv2%2Fcomments&post=8"}],"version-history":[{"count":0,"href":"https:\/\/von-perbandt.de\/index.php?rest_route=\/wp\/v2\/pages\/8\/revisions"}],"wp:attachment":[{"href":"https:\/\/von-perbandt.de\/index.php?rest_route=%2Fwp%2Fv2%2Fmedia&parent=8"}],"curies":[{"name":"wp","href":"https:\/\/api.w.org\/{rel}","templated":true}]}}